1 - 5 - (-1 - -1 - 1)?
-3
Calculate 2 - -3 - (3 - 2).
4
Evaluate -5 - (1 + 0) - -8.
2
What is -9 - (-4 - (1 + 0))?
-4
Calculate 8 - (-1 + 2) - 2.
5
-3 - (10 + -8 + (0 - 1))
-4
What is (1 - (7 + -7)) + 6?
7
Calculate (1 - 5) + -3 + 3 + 0.
-4
Calculate -2 + 5 - 8 - -3.
-2
Calculate (-1 - -3 - 5) + (3 - 1).
-1
What is (-8 - 2 - -8) + -3 + 12?
7
Evaluate (5 - (1 + 14)) + 4 + 0.
-6
(-1 - (3 - 3)) + -1 + -2
-4
0 + (1 - (4 + -4))
1
1 - -2 - (19 - 23)
7
-1 - ((-1 - 1) + (-2 - -3))
0
What is the value of -3 + 6 + (6 - 7) + 6?
8
What is -4 + 0 + 1 - -8?
5
Evaluate 0 - (1 + 4 + -1).
-4
Evaluate (1 - (-1 - -3)) + 3.
2
What is -2 - 4 - -1 - (9 - 10)?
-4
(0 - -4) + -4 - 3 - -5
2
Evaluate 7 + -6 + (0 - 3).
-2
What is the value of (1 + -2 - 0) + -4?
-5
What is the value of (1 - 2) + -88 + 82?
-7
Evaluate 2 - ((-1 - -4) + -5 + 1).
3
What is the value of (-1 + 2 - 4) + (22 - 24)?
-5
What is the value of 3 + (2 - -1) + 2 + -4?
4
4 - (1 + (4 - 0) + -1)
0
What is 2 - (11 - -8 - 9)?
-8
What is the value of -2 + 7 + 1 + -5 - 6?
-5
Evaluate 6 - (1 - 6 - (68 - 73)).
6
What is the value of (-1 - 12 - -26) + -3?
10
What is 7 - -2 - (33 + -21)?
-3
What is 7 - (-1 - -3 - (-6 - -7))?
6
Calculate 10 + (-13 - -5 - -3).
5
Evaluate 22 + -21 - (-12 + 2) - 7.
4
Calculate 5 + -2 + 1 - (-7 + 5).
6
Calculate 1 + (2 - 5) + -3.
-5
What is the value of -1 + -9 + 4 + 2 + -1?
-5
What is the value of -9 - (4 + -4 - 7)?
-2
5 - (-4 + -6 + 4 + 14)
-3
What is the value of (-7 - (-3 + -1)) + 4?
1
Evaluate 4 + -2 + (-7 - -5).
0
Evaluate -4 - -2 - (1 + -5) - 2.
0
Calculate -10 - ((-8 - -6) + -3).
-5
What is 4 + (-1 - -3) + (2 - 2)?
6
(-6 - 0) + 7 + -1
0
What is the value of (-2 - ((4 - 4) + 2)) + 4?
0
-1 + (-4 + 2 - 0)
-3
What is (6 - 12) + 2 + 12?
8
What is the value of 3 - (9 + 0) - (0 - 4)?
-2
What is -13 + (8 - 6) - (-1 + -4)?
-6
Calculate -2 + 1 + 10 - 5.
4
Evaluate (10 - (13 - 8)) + (0 - 0).
5
What is (-8 - -3) + 7 - (0 + 0)?
2
5 + 1 - (-48 - -50)
4
8 - (3 + -5 + 15)
-5
Evaluate 0 + (-6 - -5 - -3).
2
What is the value of 4 + 1 + (7 - 6) + -3?
3
Evaluate 2 - (8 + -8 + 4).
-2
What is 10 + (2 - 6) + (2 - 12)?
-4
Calculate -1 + (-12 - -2) + 4.
-7
Calculate (1 - 0) + 19 + -25.
-5
What is 2 + -1 - 6 - (-2 + 0)?
-3
3 + (11 - (5 + 6))
3
(3 - -1) + -14 + 11
1
Evaluate 2 + -5 - (7 - 9).
-1
What is the value of (-3 - -5) + 2 + -7?
-3
Evaluate (19 - 21) + 0 + 6 + 1.
5
What is the value of 5 + -1 + (1 - 4)?
1
What is the value of 317 + -311 + (0 + -1 - 4)?
1
What is 45 - 49 - (0 + 1 + -10)?
5
Evaluate (-4 - 0) + -6 + 4 + 0.
-6
Calculate 2 + -5 + 3 + 1.
1
What is -13 + 4 + 2 - -4?
-3
Calculate 0 - (1 + -7 - -8).
-2
What is 5 + (1 - 0) + -4?
2
Calculate (1 - -3 - 7) + 2 + 1.
0
2 + -3 + 4 - 4
-1
Evaluate -2 + (-5 - (-16 + (9 - 2))).
2
What is the value of -12 - -6 - (4 + -12 + -1)?
3
What is (3 - 5 - 2) + -2 + 2?
-4
What is the value of -3 - (-3 + 7 + 0)?
-7
Calculate (3 - (0 - -2)) + -1.
0
What is the value of -1 + 1 - ((-6 - 3) + 12)?
-3
What is 5 + -8 + 1 - (-8 - -4)?
2
Calculate (7 - 1) + -2 - (-1 + 4).
1
What is the value of -6 - (-3 + 0) - (-1 - 1)?
-1
What is 1 + 3 + (-21 - -15)?
-2
What is 4 + 0 + (0 - 4)?
0
What is the value of 2 - 1 - (57 - 57)?
1
What is the value of 9 - ((-13 - -13) + 16)?
-7
What is -1 + (2 - 16) - (1 - 8)?
-8
Calculate 5 + -4 + (-5 - -2) - -1.
-1
What is the value of -4 - (2 + -2 - 1)?
-3
What is the value of -3 + 1 + 23 + -22 + 3?
2
What is the value of (3 - 3 - -2) + -4 + 1?
-1
What is the value of -1 + (2 - (9 - -3) - -5)?
-6
Calculate 32 - 26 - (-1 - 3).
10
Calculate (-8 - -7 - -2) + -7.
-6
What is the value of -2 + -1 + (22 + -7 - 6)?
6
Evaluate 6 + -1 + (-2 + 10 - 13).
0
(-2 - -3) + (8 - 14) - -7
2
What is the value of 77 + -80 - (1 - -1)?
-5
1 + -1 + 4 + -4 + 5
5
Calculate 0 + (2 - (9 - 4)).
-3
Evaluate -17 + -7 + 18 + (3 - 1).
-4
Evaluate -16 - -5 - -2 - -5.
-4
(-1 + 8 + -3 - 0) + -1
3
Evaluate 13 + 7 + -38 - -14.
-4
Evaluate -2 - (6 + -5 - -1).
-4
What is the value of 3 + (-7 - -5) + -1?
0
Evaluate -1 + -8 + 2 - -6.
-1
Calculate 3 + -5 - -5 - 3.
0
What is the value of 3 + -2 + -2 - (1 + -6)?
4
Evaluate (-3 - 0) + (5 - 0).
2
What is the value of 2 + -3 - -3 - 0?
2
What is (-6 - (8 - 2)) + 15?
3
Calculate -9 + (0 - -1) - -1.
-7
What is the value of -10 + 9 - (1 + -8)?
6
What is the value of 0 + (2 - 5) - -4?
1
Evaluate (-11 - -25) + 4 + -10.
8
What is -1 + 2 + 23 + -16?
8
Calculate -4 + 8 + -5 + 4 + -8.
-5
Evaluate 19 - 18 - (-1 + 3).
-1
-43 - -50 - (-1 - -3)
5
Calculate 1 - (3 + -1 - (-9 + 9)).
-1
Calculate -11 + (4 - -2 - -3).
-2
(-7 - -2) + 2 + -1
-4
Evaluate 4 + -13 + 3 + 2 - -3.
-1
Calculate -9 - 3 - (-4 - 5).
-3
What is -8 + 6 + 5 - 7?
-4
What is -3 - (0 + 5 - 3)?
-5
What is the value of 2 - (-1 - -1) - (-16 + 18)?
0
Evaluate (9 - 6 - 6) + 0 + -1.
-4
Evaluate 8 + 10 + -7 + -2.
9
Calculate 13 + -20 + -4 + 15 + 0.
4
Evaluate 0 - -1 - (-9 + 5).
5
Calculate 7 - (-6 + 7 + 8).
-2
What is (3 + -3 - 1) + -2?
-3
What is 1 - 2 - (-26 - -24)?
1
What is the value of 6 - (-8 + 5) - 4?
5
Evaluate (6 - 4 - -3) + -1.
4
What is -2 - -10 - -7 - 9?
6
What is the value of 1 - (-6 + 5 + (0 - 1))?
3
Calculate -1 - 1 - (1 + (-2 - 1)).
0
-37 - -28 - (0 - (-2 - -6))
-5
What is -9 + 0 + 3 + 3 + 1?
-2
What is the value of (-1 - (-6 + 20)) + 7 - -1?
-7
What is 7 - (1 + 10 + -9)?
5
4 + 0 + 4 + 27 + -29
6
What is the value of (-7 - -4) + -1 + 4?
0
What is the value of 24 + -18 - (0 + 0)?
6
-4 + (7 - (4 - (-3 - -5)))
1
What is -4 + 11 + -5 + -10?
-8
-5 - (6 + (2 - 4) - 7)
-2
What is the value of (0 - -6 - -6) + -4?
8
Calculate -5 + (-5 - -9 - (1 - 1)).
-1
2 + 6 + -2 + (63 - 71)
-2
What is the value of 3 - (5 - 11 - -10)?
-1
What is (-4 - -1) + -7 + 20 + -7?
3
What is (-56 - -55) + (-2 - 7)?
-10
What is -2 + (2 - (-4 + -1))?
5
What is (-1 - -8) + 31 + -16 + -21?
1
-25 + 20 + 3 - (-2 + -1)
1
What is (-20 - -31) + 2 + -6?
7
Evaluate 0 - 0 - (-3 + 9) - -3.
-3
(-9 - (-4 - 6)) + 3
4
What is the value of (-25 - -16) + (1 - -2 - -1)?
-5
Calculate 10 + 0 + (-20 - (-21 + 7)).
4
(0 - 9) + (8 - (-5 - -7))
-3
What is the value of -23 + 21 + 2 + 2?
2
Calculate (5 - 5) + 4 - 9.
-5
Evaluate (9 - 5) + (-5 - -1) - -5.
5
What is (2 - (0 - 1)) + (8 - 13)?
-2
Calculate -1 + 2 + 9 + -5 + -1.
4
Evaluate 14 - 6 - (4 - 0).
4
What is the value of 1 - -5 - (7 + -2 + 8)?
-7
What is the value of 1 + -2 - -1 - 2 - -7?
5
-10 + (-6 - 2) + 10
-8
Evaluate -11 + 0 + -11 + (27 - 11).
-6
Calculate (2 - 2 - -3) + 1.
4
Evaluate (-3 - 1) + -15 + 14.
-5
Evaluate -8 + 5 - (5 - 14).
6
Calculate -3 - ((5 - 11) + 5).
-2
Evaluate -4 + (1 - (-1 + -9)).
7
What is the value of 2 + (-2 - 0) - 7 - -2?
-5
-4 + (-1 - -5) + -3 + 1
-2
Evaluate -4 - (-3 - -5) - (-2 - 1).
-3
Calculate 2 + -5 + 3 + -5 + 7.
2
What is the value of (4 + -5 - 1) + -1 + 4?
1
Calculate 11 - (2 + -14 - -29).
-6
Calculate (-8 + 1 - -12) + -5 - -6.
6
What is -4 + (-5 - -8) - 11 - -6?
-6
Evaluate (-2 - (-1 - 3)) + 1.
3
Calculate (-4 - -4 - 1) + 6.
5
Evaluate 2 + -3 + 3 - 0.
2
Calculate 706 + -705 + -8 + (0 - 0).
-7
What is (1 - 3) + 3 - (7 - 7)?
1
What is 4 + -7 + (2 - 5)?
-6
What is (-8 - (1 - 3)) + 7?
1
-3 - -4 - 0 - (7 - 7)
1
What is 26 + -23 - (0 + -2 + 2)?
3
Evaluate (11 - 1) + (13 - 20) + 2.
5
What is the value of (2 - -2) + -7 - (1 + -6)?
2
-3 + 7 + -4 + 0
0
(4 + 6 - 2) + -4
4
4 + (11 + -3 - 2)
10
1 + 4 + -3 + -5
-3
Evaluate (2 - -3) + 5 + -12.
-2
Calculate -14 - (3 - 12 - 2).
-3
What is the value of -10 + 0 + (-2 - (18 + -25))?
-5
-9 + 19 + -5 + 0
5
Calculate -9 + 8 + (1 - 1) + 2.
1
Evaluate -2 - (4 - (3 + 2)) - -4.
3
Evaluate 3 - (0 - -4 - 5).
4
What is the value of -7 - (-11 - -1) - -1?
4
Calculate -1 - 0 - (-17 + 10) - 5.
1
Calculate 86 + -84 + 0 + -5.
-3
What is the value of (13 - 15) + 1 + 6?
5
1 - (-4 - -4 - -3)
-2
Calculate -1 + -1 - ((5 - 5) + -1).
-1
Calculate 15 - (33 - 6) - -6.
-6
Calculate -1 + -3 + (14 - 15).
-5
What is (6 - -1) + -3 + -6 + 3?
1
What is the value of 4 - (4 - ((2 - -3) + -4))?
1
What is 2 - 2 - (-7 + (4 - 3))?
6
Calculate 1 + (0 - 4) + (-19 - -24).
2
Calculate (33 - 29) + -2 + 2.
4
15 + (0 - (-8 - -31))
-8
What is the value of (-2 - (-13 - -6)) + -1?
4
(-3 - -3) + -6 - -1
-5
What is the value of (-264 - -265) + (-11 - (1 + -1))?
-10
Evaluate -1 + -5 + 0 - -2.
-4
(0 - 0) + (-1 - 2 - 2)
-5
What is (-7 - (8 + -12)) + -1?
-4
What is -4 -